-114))/((-12)/63). Let f(r) = -r**2 + 3*r + 9. Calculate f(j).
-19
Let c be -3 + (4/(-12))/((-18)/(-54)). Let u(h) = -h**3 - 4*h**2 - 7. What is u(c)?
-7
Let p(g) be the third derivative of g**4/4 + 6*g**3 + 320*g**2. Determine p(-5).
6
Let i(r) = -7*r - 6. Let w(v) = v + 1. Let a = 32 - 7. Suppose -a + 27 = -2*c. Let m(u) = c*i(u) - 6*w(u). What is m(-6)?
-6
Let u(f) = -35*f**2 - 14*f - 2. Let k(i) = 11*i**2 + 5*i. Let b(h) = -16*k(h) - 5*u(h). Suppose -4*v + 2*v - 20 = 0. Give b(v).
10
Let m(r) be the third derivative of r**6/120 + r**5/60 - r**4/24 - 5*r**3/3 - 4*r**2 + 3. Suppose 0 = 193*c - 198*c. Calculate m(c).
-10
Let s(v) = v**3 + 8*v**2 + v + 1. Let d(y) = 12*y - 278. Let u(h) = 6*h - 140. Let w(p) = 3*d(p) - 5*u(p). Let c be w(21). Give s(c).
-7
Let l(m) = -m**3 - 6*m**2 - 7*m - 2. Let u(n) = -2*n + 8. Let v be u(-6). Let o(b) = -3*b - 135. Let w be o(-46). Suppose -7*c + w*c - v = 0. Give l(c).
8
Let q(v) = v**3 - 20*v**2 + 18*v + 1. Suppose 31 = r - 3*b, 3*r + 18*b = 14*b + 41. Calculate q(r).
-18
Let d(h) be the first derivative of -h**3 - 5*h**2/2 + 4*h - 505. Calculate d(1).
-4
Let a = -1049 - -2174. Suppose a*i + 133 = 1118*i. Let k(n) = -n**2 - 21*n - 31. What is k(i)?
7
Let b(h) = h**2 + h - 3. Suppose 2*q - 3*p = -247, 0 = 3*q - p + 19 + 369. Let m = q + 134. Give b(m).
9
Let u be 3/5 - 188/(-20). Suppose -6 - u = x. Let r be 24/16*x/(-3). Let n(l) = l**2 - 7*l - 8. What is n(r)?
0
Let d(q) = -q**3 - 16*q**2 - 19*q - 14. Let b(o) = 2*o**3 + 7*o**2 + 7*o - 3. Let a be b(-3). Determine d(a).
46
Let g = 31 + -27. Let z be (-110)/g*(-18)/15. Let o(n) = -z - 6*n + 33 - n**2. Determine o(-6).
0
Let f be 5*((-9)/((-36)/(-16)) - -5). Let z(v) = -5 - 10*v**3 + f*v**2 - 8 + 4 + 11*v**3. Determine z(-5).
-9
Let k = 10459 + -10465. Let q(s) = 2*s**3 - s**2 - 4*s + 19. Let t(f) = -f**3 + 2*f - 9. Let i(w) = -6*q(w) - 13*t(w). Calculate i(k).
15
Let s(o) = 3*o**3 - 4*o**2 - 6*o - 6. Suppose -54 = -3*h - 3*h. Let t(v) = 7*v**3 - 9*v**2 - 13*v - 14. Let y(i) = h*s(i) - 4*t(i). Calculate y(2).
-10
Let q(r) = -4*r - 26. Let a be 3/(36/(-8)) + (-4)/(24/26). Calculate q(a).
-6
Let c = 635 + -637. Let r(j) = 5*j + 1 + 5 - 8 + 3. Calculate r(c).
-9
Let f(l) be the third derivative of 11*l**4/8 - l**3/3 + 7*l**2 + 16. Calculate f(1).
31
Let z(q) be the first derivative of q**3/3 + q**2 - 4*q + 2. Let x be 107*(-7)/147 - 56/(-588). Give z(x).
11
Let l(k) = -266 - 2*k + 90 + 80 + k + 86. Calculate l(17).
-27
Let k(z) = z**2 - 7*z + 8. Let o be k(4). Let g(a) = a**3 - 5*a**2 + 2. Let d(y) = 3*y**3 - 10*y**2 + 6. Let b(m) = -2*d(m) + 5*g(m). Calculate b(o).
-18
Let o(p) be the first derivative of -p**3/3 + 6*p**2 + 29*p - 880. Give o(14).
1
Let h(s) = -8 - 4*s + 7 + 6*s + 7 + 2*s. Give h(-3).
-6
Let x(r) = -10*r + 3. Let d(i) = -155*i + 1242. Let w be d(8). Give x(w).
-17
Suppose 24 = -35*v + 59*v. Let n(j) = -5*j**3 + 2*j**2 - j - 1. What is n(v)?
-5
Let n(a) = 2*a - 10. Suppose -3*b = i, -3*i = -0*b + 4*b + 15. Let s be (-1 - i)*14/16. Calculate n(s).
4
Let f be -1*9 + (-7 - -12). Let v(x) = x**2 + 2*x + 3. Let z(b) = -b**2 - 3*b - 4. Let o(c) = -3*v(c) - 2*z(c). Give o(f).
-17
Let i(g) be the second derivative of g**4/3 - 5*g**3/6 - 3*g**2 - 1374*g. What is i(-4)?
78
Let y(v) be the first derivative of -v**3/3 + 3*v**2/2 - 3*v + 9. Let t(m) = -m**3 + 3*m**2 - 2*m - 8. Let j be t(4). Let u = -30 - j. Calculate y(u).
-1
Let i(c) = -c**2 - 82*c + 9765. Let x be i(66). Let n(l) = 19*l + 6. Determine n(x).
-51
Let p(z) = 87*z + 165. Let k(r) = 2*r**3 - 44*r**2 + 168*r + 32. Let x be k(17). Give p(x).
-9
Let j(b) = 3*b - 7. Let m be 0/((-24)/56*7). Determine j(m).
-7
Let r(c) be the third derivative of -c**4/24 + 7*c**3/2 - 2*c**2. Let b(x) = 2*x**3 + 20*x**2 + 27*x - 28. Let j be b(-8). Calculate r(j).
9
Let m(w) = 5*w + 91. Let v be m(-17). Suppose 2*l + 73 = -5*s, v*s = 2*s + 3*l - 40. Let t(u) = -u - 15. What is t(s)?
-2
Let y(x) = -2*x + 4. Let o(s) = 2*s**3 - 8*s**2 + 3*s + 5. Let k be o(6). Let v = -165 + k. Determine y(v).
0
Suppose f - 28 = -b, -43*f + 44*f - 90 = -3*b. Let k(o) = -14*o - o - b + 17*o + 9. Calculate k(13).
4
Let v(f) = 427*f**2 - 741*f**2 + 8 + 5 + 315*f**2 + 4*f**3 - 14*f. Give v(1).
4
Let i be (238/51 + -5)/((-1)/27). Let t(h) = -h**3 + 7*h**2 + 10*h - 12. Give t(i).
-84
Let i(u) = -109*u + 540. Let d(g) = 21*g - 108. Let w(s) = -22*d(s) - 4*i(s). Calculate w(8).
8
Let d(b) = -5*b - 12. Let g(z) = -15*z + 13. Let t(a) = -4*d(a) + g(a). Give t(-25).
-64
Let c(w) be the third derivative of -w**4/8 + w**3/2 - 55*w**2. Let s(x) = 3*x + 1. Let z(m) = -c(m) + 4*s(m). Determine z(1).
16
Let h be ((-5)/(-20))/((-16)/32*(-2)/(-4)). Let u(z) = -5*z**3 + 4*z**2 - z - 4. What is u(h)?
6
Let p(c) = -2*c**3 + 43*c**2 - 4*c + 10. Let t(x) = x**3 - 23*x**2 + 2*x - 6. Let i(q) = 6*p(q) + 11*t(q). Let y be (6 + -12)*2/(-4). Give i(y).
6
Suppose -4*n = 59 - 3. Let h = 13 + n. Let g(v) be the second derivative of v**3/2 + 2*v + 7. What is g(h)?
-3
Let o(q) = 0 + 0 + 1 + 0. Let k(t) = 2*t + 4. Let x(y) = -k(y) + 3*o(y). Let b be 200/34 + -6 - (-30)/(-34). What is x(b)?
1
Let b(g) = -g**2. Let o(p) be the third derivative of p**6/120 + p**5/6 + 17*p**4/24 + p**3/3 + 29*p**2. Let y be o(-8). Let k = y - -2. What is b(k)?
-16
Suppose 165 + 21 = -37*f - 36. Let j(g) = -g**2 + 3*g + 51. What is j(f)?
-3
Let q be -14*14/490*-10. Let s(a) = 2*a**3 - 7*a**2 + 2*a - 24. What is s(q)?
0
Let o(g) = 4*g**2 + 4*g. Let v(z) = 7*z**2 + 7*z + 1. Let a(s) = -5*o(s) + 3*v(s). Determine a(2).
9
Let h(z) = 0*z + 6 - 2 + z. Let n be 2/(-6) - (273/9)/(-1). Suppose 9*x = -n*x - 312. Determine h(x).
-4
Let c be (2/7)/(367/(-5138)) + 6/(-2). Let s(x) = 2*x**2 + 3*x - 3. Let y(p) = -p**2 + p + 1. Let r(k) = -s(k) - y(k). Determine r(c).
-19
Let j(s) = 7*s**2 + 51 - 3*s + 0*s**2 - 48. Let c = -1 + 3. Give j(c).
25
Let q(a) = -3*a + 3. Suppose -2*g - 682 = 2*o, 12*g - o + 345 = 11*g. Let j = g + 343. What is q(j)?
3
Suppose -3*d + 65 - 77 = 0. Let q(r) = -2*r**3. Let z(i) = 9*i**3 - 2*i**2 - 6*i + 5. Let b(p) = d*q(p) - z(p). Give b(4).
-13
Suppose 4*o - 17 = -1. Let z(p) be the third derivative of p**5/60 - p**4/8 + p**3/3 - 174*p**2. Calculate z(o).
6
Let t(f) be the third derivative of -17*f**5/120 + f**4/12 - 18*f**3 - 162*f**2. Let r(q) be the first derivative of t(q). Calculate r(-1).
19
Let i(l) = 6*l - 43*l - 10*l**3 - 17*l**3 + 29 - 31*l**2 + 18*l**3. Let v(y) = 5*y**3 + 16*y**2 + 20*y - 15. Let f(p) = 6*i(p) + 11*v(p). Determine f(10).
-11
Let b(x) = -1285*x + 10280. Let q be b(8). Let d(c) = -c**3 + c + 84. Calculate d(q).
84
Let f(i) = 2*i**2 + 19*i + 13. Let x be f(-9). Let u(h) = -13937 + x*h + 13937. Determine u(-3).
-12
Let z(v) = -7*v + 132. Let t be z(18). Suppose -11*a - 20 = -t*a + 2*s, 3*s = 4*a + 39. Let y(q) be the first derivative of -q**2/2 - 5*q - 2. Determine y(a).
1
Let d(z) be the first derivative of -5*z**4/4 - z - 75. Let q be d(-1). Let g(h) = -h**2 + 2*h + 3. What is g(q)?
-5
Let h(r) = 12*r + 30. Let m(t) = -7*t - 18. Let y(d) = -3*h(d) - 5*m(d). Let b be (1 - 2/1)*0. Suppose b + 5 = -5*o. Calculate y(o).
1
Let m be 2/5 + 46/10. Let u be 3 + -3 - (m - 7). Let j(l) = l**2 - l**3 + 0*l**2 - 1 + 2*l**2 + l**2. Give j(u).
7
Let a(c) = 180*c + 8 - 4 - 176*c. Suppose 72 = -77*f + 89*f. Calculate a(f).
28
Suppose -3*x + 2*x + 4 = 0, 5*d = 2*x + 2. Let w(t) = -8*t + 121*t**3 - 3*t + 6 - 120*t**3 - 6*t**d. Give w(7).
-22
Let j(r) = r**3 - 18*r**2 - 45*r + 96. Let h be (33/3 + -1)*(6 - 4). Determine j(h).
-4
Let q(m) = -m**3 + 6*m**2 - m - 10. Suppose -650 = -133*d + 620 - 472. Determine q(d).
-16
Let u be (7/(56/20))/(2/(-4)). Let a be (-4)/u*10/(-4)*2. Let s(q) = -8*q - q**2 - 5 + 10 - 6 - 2. Calculate s(a).
13
Let c(x) = 10*x + 91 - 201 - 2*x**3 - 2*x + 2*x**2 + 84 + x. Determine c(2).
-16
Let y(b) = -2*b. Let l(k) = 4*k**2 - 32*k + 36. Let n be l(6). Let a(w) = 3*w + 48. Let q be a(n). What is y(q)?
-24
Let r(x) = x**3 + 14*x**2 + x + 13. Let g be (35/(-4))/((-215)/344)*(-1)/1. What is r(g)?
-1
Let k(x) = 17*x - 14. Let r be 5*(-18)/60*18/(-27). Calculate k(r).
3
Let j(z) = -z**3 + 7*z**2 + 10*z - 16. Let u be j(8). Let d be u/2 - ((-4)/(-2) - 15). Let l(k) = -k**2 - 32*k + 23*k + d*k. Give l(4).
0
Let y(c) = 2*c**2 - 1. Let n(b) = 7*b**2 + 